51
In base 13, what is -5 - bb93?
-bb98
In base 2, what is -11 - 1111001000110100?
-1111001000110111
In base 6, what is 5 - -422112?
422121
In base 7, what is 154 - 103512?
-103325
In base 15, what is 85ab - 10?
859b
In base 15, what is 687 + -9?
67d
In base 2, what is -10111 + 1111100011001?
1111100000010
In base 10, what is 2 + 17057?
17059
In base 14, what is 13c344 + -2?
13c342
In base 4, what is 23 + -11103133?
-11103110
In base 5, what is 323 + -12?
311
In base 4, what is 20020302010 + -2?
20020302002
In base 10, what is -2503 - -182?
-2321
In base 6, what is 5 - -23041131?
23041140
In base 10, what is -1 + -81809?
-81810
In base 6, what is -311135 - 12?
-311151
In base 10, what is 36 - -3631?
3667
In base 6, what is -443 - -21242?
20355
In base 5, what is -4122021 + 10?
-4122011
In base 14, what is -45 - -2124?
20bd
In base 11, what is 58 + -89?
-31
In base 2, what is -10110111110101000 + -1000?
-10110111110110000
In base 14, what is -4 - 47c93?
-47c97
In base 2, what is -1011 - -1010110111111010?
1010110111101111
In base 12, what is -355 - -61?
-2b4
In base 4, what is -1011 + -101103?
-102120
In base 9, what is 1 - -10886?
10887
In base 16, what is -4 + 546b?
5467
In base 2, what is 110001010011111010 + -10?
110001010011111000
In base 13, what is -c + a816?
a807
In base 16, what is b9 + 12?
cb
In base 4, what is 2230300 + -131?
2230103
In base 7, what is -2 - -152410?
152405
In base 9, what is 18 - 35258?
-35240
In base 11, what is -3505 + -35?
-353a
In base 13, what is -70 + 197a?
190a
In base 2, what is -101000100000010000001 - -101?
-101000100000001111100
In base 11, what is -2 + 370a?
3708
In base 10, what is -3585 - 0?
-3585
In base 9, what is -1006 + -45?
-1052
In base 16, what is -1fb1 - -2?
-1faf
In base 9, what is -465 - 1244?
-1720
In base 12, what is -67 + -819?
-884
In base 2, what is -1100111101011010 + 100101?
-1100111100110101
In base 12, what is -1aab1 + 5?
-1aaa8
In base 7, what is 2 - -11616151?
11616153
In base 3, what is 22112 + 10001101?
10100220
In base 9, what is 153074 - -6?
153081
In base 5, what is 4 - 13032310?
-13032301
In base 6, what is -35450 - -115?
-35331
In base 6, what is 134032 - 111?
133521
In base 5, what is -10 + -330002441?
-330003001
In base 14, what is 3a97 + 0?
3a97
In base 11, what is 12 + -27152?
-27140
In base 13, what is 3327 - -ca?
3424
In base 5, what is 20 + -131222?
-131202
In base 8, what is 101 - 1053?
-752
In base 11, what is 18 + -618a?
-6172
In base 7, what is -221 - -1636?
1415
In base 4, what is 3110 - -23200?
32310
In base 15, what is -4 + -53465?
-53469
In base 10, what is 0 - 15685?
-15685
In base 11, what is -52 - -93534?
93492
In base 2, what is 1010 - -110101101001?
110101110011
In base 7, what is -224 + 5323?
5066
In base 11, what is -44 - 3?
-47
In base 6, what is 23 - -513?
540
In base 8, what is -3 - -221714?
221711
In base 16, what is 1 - -ce1?
ce2
In base 5, what is -112 - -31?
-31
In base 2, what is 0 - 11000110110101?
-11000110110101
In base 9, what is 46485 + 6?
46502
In base 11, what is 3708 - 2?
3706
In base 16, what is 39 + 145a?
1493
In base 13, what is -3c3c70 + 1?
-3c3c6c
In base 15, what is 7 - 876a?
-8763
In base 11, what is 2 - 50400?
-503a9
In base 4, what is 2 + -1202233?
-1202231
In base 2, what is 10001001010011110 - -111?
10001001010100101
In base 3, what is -1002 - 121202101?
-121210110
In base 13, what is 17a - -471?
61b
In base 3, what is 20000 + -10011?
2212
In base 5, what is -20043 - 3334?
-23432
In base 4, what is -200 - 12111?
-12311
In base 6, what is 42321 - -20?
42341
In base 7, what is 4 + 46625?
46632
In base 7, what is 2310626 - 2?
2310624
In base 15, what is 31d + -22?
2eb
In base 9, what is 2256400 + 5?
2256405
In base 5, what is -121101 - 114?
-121220
In base 7, what is 1466 - 15014?
-13215
In base 6, what is 1342 + 2341?
4123
In base 6, what is -2024 + 211?
-1413
In base 11, what is 2 + 2a3a8?
2a3aa
In base 6, what is 110 - 142221?
-142111
In base 13, what is 2 - -375799?
37579b
In base 9, what is 23882 - 5?
23876
In base 9, what is -71787 + 44?
-71743
In base 7, what is 2224 + -411?
1513
In base 4, what is 0 + 3020220?
3020220
In base 15, what is 7 + 5019c?
501a4
In base 7, what is 1 - -30514?
30515
In base 3, what is 1011 - 11210021?
-11202010
In base 14, what is 145 - -1a64?
1ba9
In base 12, what is -1b81 + 6?
-1b77
In base 2, what is 111000111010011 + 0?
111000111010011
In base 9, what is -188 + 13?
-175
In base 11, what is 5a6aa1 - 2?
5a6a9a
In base 15, what is 8 - -48b?
494
In base 6, what is 22 + 50531?
50553
In base 4, what is -2322220332 - -11?
-2322220321
In base 3, what is 2000001112011 + -12?
2000001111222
In base 13, what is -1252 - 8?
-125a
In base 12, what is -49b - b10?
-13ab
In base 3, what is -220 - 12122001222?
-12122002212
In base 12, what is 6a + 109?
177
In base 12, what is 1 + -19382b?
-19382a
In base 5, what is -12021 + 30?
-11441
In base 7, what is 1326 + -2225?
-566
In base 2, what is 10011110110000 - 0?
10011110110000
In base 6, what is 211 + -1231?
-1020
In base 3, what is -10122122201 - -2?
-10122122122
In base 8, what is -1026 - 1374?
-2422
In base 7, what is 2356 - -124?
2513
In base 7, what is -106035 + -4?
-106042
In base 12, what is 1 - 88687?
-88686
In base 8, what is 13523 + -17?
13504
In base 13, what is 2a5 + 4a?
322
In base 8, what is 0 - -3234162?
3234162
In base 16, what is 0 - 74a63?
-74a63
In base 16, what is 6ad - -1a0?
84d
In base 14, what is 7c - -1236?
12b4
In base 10, what is 52679 + -2?
52677
In base 7, what is -115550 + 4?
-115543
In base 9, what is 5 - 26373?
-26367
In base 11, what is 52638 + -24?
52614
In base 13, what is -43 + 611b?
60a8
In base 5, what is -1000421320 - 3?
-1000421323
In base 2, what is -1010001110000010111101 + -1?
-1010001110000010111110
In base 4, what is -100 + 12022?
11322
In base 7, what is 134 + -2013?
-1546
In base 6, what is -3415314 + -45?
-3415403
In base 4, what is 12 + 120222?
120300
In base 6, what is 243 + -13505?
-13222
In base 3, what is 12 - -122112020?
122112102
In base 15, what is 1223 - 8?
121a
In base 7, what is 3661 - 2301?
1360
In base 12, what is -1b2b + bb?
-1a30
In base 12, what is 203 + 587?
78a
In base 16, what is -684 + -9?
-68d
In base 14, what is 1a3 + -235?
-72
In base 9, what is -33 + -170?
-213
In base 6, what is -1311451 + 15?
-1311432
In base 16, what is 19 - -19f0?
1a09
In base 7, what is -41 - 403065?
-403136
In base 5, what is -1 - -4422120?
4422114
In base 3, what is 10022 - -22202200?
22212222
In base 14, what is -6 + 115?
10d
In base 8, what is 547 + 142?
711
In base 15, what is -35a9 - -1d?
-358b
In base 16, what is 5 + 5e70?
5e75
In base 8, what is -14562751 + -1?
-14562752
In base 3, what is 10201 + 1111?
12012
In base 9, what is 3671 + 13?
3684
In base 14, what is 2a3 - 33?
270
In base 11, what is -4 + -1a5565?
-1a5569
In base 14, what is -32c0 - 8?
-32c8
In base 12, what is -38 + -3254b?
-32587
In base 9, what is -1285 - 71?
-1366
In base 13, what is 4 - 191c6?
-191c2
In base 10, what is 6 + 1333?
1339
In base 5, what is 102 - -333304?
333411
In base 8, what is 365 + 225?
612
In base 9, what is -1407 - -5?
-1402
In base 14, what is -6719c + 6?
-67196
In base 12, what is -749a8 - -5?
-749a3
In base 4, what is 130 + 3032?
3222
In base 4, what is 2011030222 - 0?
2011030222
In base 15, what is 7baa + 2?
7bac
In base 2, what is 10 + -101000001110?
-101000001100
In base 13, what is -2 - 10bcbc?
-10bcc1
In base 7, what is -5 + 11430?
11422
In base 3, what is -20011 - 2210?
-22221
In base 2, what is 1011111010111 - 110?
1011111010001
In base 12, what is -15 + -1781?
-1796
In base 13, what is -4 + 14cb3?
14cac
In base 2, what is -101 + -100111001100010?
-100111001100111
In base 12, what is -302b9 + 3?
-302b6
In base 3, what is 11201 + 201201?
220102
In base 6, what is -5 + -220035?
-220044
In base 8, what is -10 + 635?
625
In base 7, what is 6421131 + -3?
6421125
In base 10, what is 530958 + 3?
530961
In base 5, what is -131 + -241002?
-241133
In base 13, what is 11ca0 + -2?
11c9b
In base 8, what is -6355 - 1025?
-7402
In base 5, what is -2300444 - 24?
-2301023
In base 16, what is -138 + -39?
-171
In base 9, what is -2620 + -75?
-2705
In base 10, what is 9 - 5420?
-5411
In base 7, what is 0 - 1414003?
-1414003
In base 9